te?
False
Let b be 6*(-1 + 2/4). Let g(w) = -6*w**3 - 3*w**2 + 3*w + 1. Is g(b) a composite number?
False
Suppose t - 1 = 5. Suppose -t*n = -n. Suppose n = i + i - 70. Is i composite?
True
Suppose 4*b + b + 5 = 0. Let i(u) = 46*u**2 + 0*u - 2*u - u + 2*u. Is i(b) prime?
True
Suppose -2*o + 560 = -0*o. Let j = 503 - o. Is j a composite number?
False
Is (-12 - -1)/((-1)/7) a composite number?
True
Suppose -4*u + 3 = 4*r + 15, -5*r - 11 = 3*u. Is 59 - (0/u)/(-4) a composite number?
False
Is (-318)/(-4) - (-5)/(-10) a prime number?
True
Let w(m) be the third derivative of -m**5/10 + m**4/24 - m**3/6 - m**2. Let c(a) be the first derivative of w(a). Is c(-3) prime?
True
Let c = 157 + -86. Is c prime?
True
Suppose 3*z - 2424 = 6015. Is z a composite number?
True
Let t(n) = -n. Let q be ((-4)/8)/((-2)/(-16)). Let l be t(q). Suppose 2*m - 17 = 3*z, -l*z + 5 = 17. Is m composite?
True
Let b = 8 + -3. Let f(s) = s**3 + 6*s**2 + 6*s - 7. Let z be f(5). Suppose 3*n - z = -b*u, 4*n + 0*u - 379 = -3*u. Is n prime?
False
Let b = -2418 - -4139. Is b composite?
False
Suppose -5*o = v + 2 + 6, 3*o - 4 = -5*v. Is 77/(-1*(v + -3)) prime?
False
Suppose u - 794 = -4*w + 4*u, 0 = -2*w - 4*u + 408. Suppose -r = 51 - w. Is r a prime number?
True
Is ((4 - -144) + 1)/1 a composite number?
False
Let k be (-4)/(-16)*(-6 - -2). Let c be 2*(-1 + k - -138). Suppose 5*l + 87 = c. Is l a composite number?
False
Suppose 0 = -9*h + 411 + 624. Is h a composite number?
True
Let m(a) = 12*a - 1. Suppose -p - 3*p - 8 = 0, 4*g - 14 = -3*p. Is m(g) composite?
False
Let u(f) = 15*f**2 + 9*f + 3. Let a be u(10). Is (-3)/(-6) - a/(-2) a composite number?
False
Suppose x + 10 = -4. Is (x/(-4))/(2/116) composite?
True
Let u = -16 - -16. Is 28*(u + (-316)/(-16)) composite?
True
Suppose -5 = -5*s + 2*u, s + u = 6*s. Let n(v) = -5 + 2*v + 1 + 16*v**2 + 5. Is n(s) a composite number?
True
Let v(s) = 256*s + 1. Let k be v(-1). Let l = k - -529. Let u = l - 185. Is u prime?
True
Suppose 0 = -2*s + 245 - 23. Is s a prime number?
False
Suppose 4*m - 3*c = 0, 4*m - 4*c = c. Suppose 15 = 3*s + b - 33, -3*s + b = -42. Suppose m = j - s - 22. Is j a prime number?
True
Let g(p) = 2*p**3 - 25*p**2 - 18*p + 11. Let k(c) = -c**3 + 12*c**2 + 9*c - 6. Let j(n) = -3*g(n) - 7*k(n). Is j(10) composite?
False
Let f be (-1)/(((-1)/1)/2). Suppose -f*m + 36 = -84. Let z = -27 + m. Is z prime?
False
Let m(q) = -5*q**3 - q**2 - 2. Let z be m(3). Let y = z - -217. Is y a composite number?
False
Let j = -287 - -580. Is j prime?
True
Is ((-48)/18)/4*(-9066)/4 a prime number?
True
Let d(h) = -5*h + 5. Suppose 5*w = -20, w + w + 44 = -3*r. Is d(r) a composite number?
True
Let i(l) = 7*l**2 - l - 1. Let v(n) be the third derivative of -n**6/120 - n**5/10 + 3*n**4/8 + 5*n**3/3 - 2*n**2. Let f be v(-7). Is i(f) a prime number?
False
Let o(s) = s**2 - 7*s + 6. Let z be o(4). Let i(q) = 2*q**2 - q + 5. Is i(z) a composite number?
False
Let f(h) = h**2 - 6*h - 12. Is f(-9) a prime number?
False
Suppose 5*m + 2*j = j + 1899, 5*m - 4*j = 1904. Suppose 5*y + 141 = 2*p, -30 - m = -5*p + y. Is p a composite number?
False
Let m = 129 - 92. Is m composite?
False
Suppose 4*k = -21 + 545. Is k composite?
False
Suppose -2*w + 2 = -2. Suppose w = 5*l - 23. Suppose -177 = -l*r + 158. Is r composite?
False
Let l = 1086 + -559. Is l prime?
False
Suppose 3*h - 3*d = 474, -3*h - d - 2*d = -492. Is h composite?
True
Let x = 4788 - 1661. Is x a composite number?
True
Let z be 30/4 - (-4)/8. Is (z - -1)/3 + 328 a prime number?
True
Suppose t + 34 = 3135. Is t a prime number?
False
Let r = -96 + 335. Is r a composite number?
False
Let b(g) = 35*g**2. Let o be b(-2). Suppose -11*p + o = -7*p. Is p a composite number?
True
Let n(d) = 10*d**2 + 12*d - 9. Suppose -2*b + 2*h = -0*b + 30, -3*h + 55 = -4*b. Is n(b) a composite number?
True
Suppose 6*n = 5*u + 2*n - 359, 2*u - 162 = -3*n. Suppose 0 = -s - 5*j, 2*s - 6*j + j - u = 0. Is s prime?
False
Let p(l) = 10*l - 13. Let j(y) = 69*y - 90. Let g(i) = 4*j(i) - 27*p(i). Let u be 6*(-4)/(-6) + 9. Is g(u) prime?
False
Let c = 157 + -23. Is c a prime number?
False
Suppose 4*o - 2*o + 3*p - 1117 = 0, 5*o + 3*p - 2770 = 0. Is o a prime number?
False
Suppose 0 = -8*l + 3*l - 595. Suppose 3*z + 66 = -0*z. Let p = z - l. Is p a composite number?
False
Let c(x) = -10*x**3 - 5*x**2 - 2*x - 3. Is c(-4) prime?
False
Suppose 199 = z + 4*q, -3*q + 2*q + 211 = z. Is z composite?
True
Let b(v) = -164*v**3 + 2*v + 1. Let k(i) = i - 9. Let h be k(8). Is b(h) a composite number?
False
Suppose -2*x - x + 4*f + 29 = 0, -2*x + 31 = -5*f. Suppose 12 + 18 = x*c. Suppose -3*p + 5*h - 107 + 525 = 0, -c = 2*h. Is p a composite number?
False
Let q be 4/3*(-3)/(-2). Is 259 + q + -4 + 6 prime?
True
Let a be (51/6)/((-2)/20). Suppose 179 = -4*y - 13. Let s = y - a. Is s prime?
True
Let f = -8 - -7. Let v = f - 1. Is (v + 5)*121/3 a prime number?
False
Let d = 1246 - 433. Is d prime?
False
Suppose 5*a + 3*i + 757 = 9033, 0 = 3*i + 9. Is a composite?
False
Suppose 4*c + 1 - 9 = 0, -18 = -2*m - 5*c. Let i(h) = -h - m + 2*h**3 - h**3 - 2*h**2 + 0*h**3. Is i(3) composite?
False
Let h(l) = -3198*l + 1. Let b be h(-2). Suppose -4*d - 6 = 10, 3*d = 5*v - b. Is v prime?
True
Suppose a - 5*j + 9 = 0, a + 10 = 4*j + 4. Suppose 2*v = -a, 3*v = 2*b + 3*b - 3124. Is b prime?
False
Suppose -2*b = 3*b - 3*j - 554, 3*j = 3*b - 336. Is b a prime number?
True
Let c(k) = -14*k + 20. Let f be c(15). Is f/(-4)*(-48)/(-40) a prime number?
False
Let a(s) = -2663*s**3 - 2*s - 1. Let j be a(-1). Suppose 3*v = -0*q - 2*q + 2021, 0 = -4*v + 5*q + j. Is v a prime number?
False
Is -2 - 4*-37 - 1 a composite number?
True
Suppose 2580 = 5*j - 3*j. Let u be (1 - 2) + j/6. Suppose 4*b - u + 2 = 0. Is b a composite number?
False
Let b(d) = 4*d**3 - 8*d**2 + 2*d + 9. Is b(8) composite?
True
Let y(g) = g**2 - 4*g + 10. Suppose -3*l = -7*l + 28. Is y(l) prime?
True
Suppose -3*j - 148 = 308. Suppose -q - 2*x + 19 = 256, x = 5*q + 1152. Let l = j - q. Is l a composite number?
False
Let y(t) = 5*t**3 - 4*t**2 + 3*t - 11. Is y(4) a composite number?
False
Let w = -658 + 1409. Is w composite?
False
Suppose 2*d + 9*d = 9669. Is d a prime number?
False
Let y(t) = 130*t**3 + 1. Is y(1) prime?
True
Let o be 2/4*(2 - 2). Suppose -n = -o*n - 77. Is n composite?
True
Suppose a - 5*s = 272, 0*a - 5*s + 1270 = 5*a. Let x = 29 + a. Suppose -319 = -5*q + x. Is q a composite number?
True
Suppose 4*b - 2*b = 0. Suppose b*a = 2*a + 220. Let m = a + 297. Is m a composite number?
True
Is (-5 - -2)/(45/(-65865)) a composite number?
False
Suppose -3*q = -1798 + 49. Is q a prime number?
False
Suppose -2*w - 2 = 6. Let r be 2/(-4) - (-714)/w. Let k = r + 328. Is k composite?
False
Let t(m) = -15*m**2 + 9*m - 12. Let i be t(5). Let u = i + 545. Is u prime?
False
Suppose -4*i + 3 = -s + 9, 3*s - i = 29. Let a(y) = y**3 - 10*y**2 + 8*y - 11. Is a(s) a composite number?
True
Let r(d) = -d + 9. Let m be r(5). Suppose m*n - 858 = 466. Is n composite?
False
Let m be 8/12 + (-110)/(-6). Suppose -m + 125 = 2*q. Is q a composite number?
False
Suppose 2*k - 7*k + 785 = 5*j, 2*k + 5*j = 320. Is k prime?
False
Is 161 + 3/(3/2) prime?
True
Let v(y) = -3*y**3 - 2*y**2 - 3*y - 3. Let c = -2 - 0. Is v(c) composite?
False
Let y be (1/3)/((-2)/(-18)). Suppose y*b = 3, -5*b + 5 = 2*d + 3*d. Is 76 + (-3)/(-3) + d prime?
False
Let g(a) = 65*a + 4. Let i be -2*1*27/(-18). Is g(i) a prime number?
True
Let d = 18 + -13. Suppose 0 = -d*o + o + 644. Is o a prime number?
False
Let x(n) = -27*n + 65. Is x(-10) a composite number?
True
Suppose -y + 8*y - 273 = 0. Is y composite?
True
Let v = -432 + 631. Is v composite?
False
Let d = 2253 - 508. Is d composite?
True
Is 1402/(6/(0 + 3)) a composite number?
False
Suppose 2*w - 9 + 1 = 0. Suppose -7*b + 75 = -w*b. Is b a prime number?
False
Suppose 5*t - 188 - 457 = 0. Is t a composite number?
True
Let l = -21 - -70. Suppose -5*d = -l - 426. Is d a composite number?
True
Let w = 91 - -250. Is w prime?
False
Suppose 0*a = 3*a + 3*h - 9, 48 = 4*a - 5*h. Let r(k) be the third derivative of k**5/60 + 3*k**4/8 + 7*k**3/6 + k**2. Is r(a) prime?
False
Let h be 2/((-15)/6 + 3). Suppose h*j = 21 - 225. Let m = j + 200. Is m a prime number?
True
Let o be 6/(-10) - 9/(-15). Is (-1 - 